mon divisor of 5664 and 12?
12
Calculate the highest common divisor of 15410 and 230.
230
What is the highest common divisor of 1526 and 126?
14
What is the highest common factor of 36 and 36?
36
Calculate the greatest common divisor of 923 and 13.
13
What is the highest common divisor of 130 and 104?
26
Calculate the greatest common divisor of 48 and 288.
48
Calculate the highest common divisor of 49 and 1.
1
Calculate the greatest common factor of 78 and 195.
39
What is the greatest common divisor of 152 and 266?
38
Calculate the highest common divisor of 110 and 5.
5
Calculate the greatest common divisor of 485 and 35.
5
What is the highest common factor of 132 and 18260?
44
Calculate the highest common divisor of 4 and 2.
2
What is the greatest common factor of 1936 and 1694?
242
What is the greatest common divisor of 96 and 36?
12
What is the greatest common factor of 16788 and 12?
12
Calculate the greatest common factor of 375 and 1625.
125
What is the highest common factor of 1 and 201?
1
What is the highest common divisor of 4432 and 16?
16
Calculate the highest common divisor of 46 and 391.
23
Calculate the highest common divisor of 165 and 2090.
55
Calculate the greatest common factor of 12 and 9356.
4
Calculate the greatest common divisor of 38 and 9006.
38
What is the highest common divisor of 210 and 427?
7
What is the greatest common factor of 21 and 343?
7
Calculate the highest common factor of 75 and 375.
75
Calculate the highest common divisor of 657 and 846.
9
What is the highest common divisor of 13 and 962?
13
Calculate the greatest common divisor of 50 and 310.
10
Calculate the greatest common divisor of 18904 and 136.
136
What is the greatest common divisor of 84 and 87?
3
Calculate the greatest common divisor of 1328 and 4814.
166
What is the greatest common divisor of 224 and 378?
14
What is the greatest common divisor of 10 and 78?
2
Calculate the greatest common factor of 9 and 41.
1
Calculate the greatest common factor of 96 and 156.
12
What is the greatest common factor of 176 and 48?
16
Calculate the greatest common divisor of 430 and 86.
86
Calculate the greatest common divisor of 139 and 1251.
139
Calculate the greatest common divisor of 1722 and 924.
42
What is the highest common factor of 590 and 1534?
118
What is the greatest common factor of 36 and 4056?
12
Calculate the greatest common factor of 240 and 150.
30
What is the greatest common factor of 1400 and 112?
56
What is the highest common factor of 420 and 84?
84
Calculate the greatest common factor of 4675 and 17.
17
What is the greatest common divisor of 15 and 710?
5
Calculate the greatest common divisor of 18 and 6939.
9
What is the greatest common factor of 684 and 152?
76
What is the greatest common factor of 473 and 22?
11
Calculate the highest common factor of 39 and 312.
39
What is the highest common factor of 44 and 18?
2
Calculate the highest common divisor of 1008 and 1188.
36
What is the greatest common divisor of 20 and 92?
4
What is the highest common factor of 3 and 57?
3
Calculate the greatest common factor of 21 and 49.
7
What is the greatest common divisor of 513 and 57?
57
Calculate the greatest common factor of 50958 and 9.
9
What is the highest common factor of 713 and 23?
23
What is the highest common divisor of 48 and 264?
24
What is the highest common divisor of 53208 and 144?
72
Calculate the highest common divisor of 5336 and 368.
184
What is the greatest common factor of 56 and 196?
28
What is the highest common factor of 64 and 2?
2
Calculate the highest common divisor of 5377 and 1415.
283
Calculate the greatest common factor of 165 and 66.
33
Calculate the highest common factor of 1186 and 18.
2
Calculate the highest common factor of 98 and 378.
14
What is the highest common factor of 57 and 9?
3
Calculate the highest common divisor of 5 and 5.
5
Calculate the highest common factor of 21 and 546.
21
What is the greatest common divisor of 255 and 405?
15
What is the greatest common divisor of 60 and 20?
20
Calculate the highest common factor of 13023 and 27.
9
What is the greatest common factor of 60 and 786?
6
Calculate the greatest common factor of 1173 and 459.
51
What is the highest common factor of 189 and 5238?
27
What is the greatest common factor of 9 and 84?
3
Calculate the highest common divisor of 78 and 2548.
26
Calculate the highest common factor of 60 and 72.
12
What is the greatest common factor of 159 and 12879?
159
What is the greatest common divisor of 95 and 912?
19
What is the highest common factor of 98 and 2842?
98
What is the greatest common divisor of 24 and 3132?
12
Calculate the greatest common factor of 408 and 72.
24
Calculate the highest common divisor of 10 and 8590.
10
Calculate the highest common factor of 8712 and 72.
72
Calculate the highest common factor of 440 and 275.
55
Calculate the highest common divisor of 9 and 14859.
9
What is the greatest common divisor of 80 and 4930?
10
What is the greatest common divisor of 328 and 3034?
82
What is the greatest common divisor of 12454 and 13?
13
Calculate the highest common divisor of 5 and 33435.
5
What is the highest common divisor of 1107 and 27?
27
Calculate the greatest common factor of 13 and 2028.
13
What is the greatest common factor of 3042 and 36?
18
What is the highest common divisor of 18 and 36?
18
What is the highest common divisor of 21 and 2961?
21
What is the highest common factor of 680 and 36312?
136
What is the highest common divisor of 60 and 320?
20
Calculate the greatest common factor of 35 and 4823.
7
Calculate the greatest common divisor of 34 and 1853.
17
What is the greatest common factor of 22 and 29?
1
What is the highest common factor of 112 and 392?
56
Calculate the greatest common factor of 1 and 713.
1
What is the greatest common factor of 270 and 72?
18
What is the highest common factor of 690 and 5589?
69
Calculate the greatest common factor of 1550 and 50.
50
What is the highest common factor of 140 and 35?
35
What is the greatest common divisor of 1050 and 4935?
105
Calculate the highest common factor of 1863 and 135.
27
Calculate the highest common divisor of 1352 and 13.
13
Calculate the highest common divisor of 24 and 2994.
6
What is the greatest common factor of 2324 and 56?
28
What is the greatest common divisor of 310 and 186?
62
What is the greatest common factor of 48 and 228?
12
What is the greatest common divisor of 2499 and 119?
119
What is the greatest common factor of 1300 and 104?
52
What is the highest common divisor of 1612 and 52?
52
What is the highest common factor of 182 and 728?
182
Calculate the greatest common divisor of 996 and 8.
4
What is the greatest common factor of 1 and 1?
1
Calculate the greatest common factor of 98 and 49.
49
Calculate the greatest common divisor of 9 and 9.
9
What is the greatest common factor of 82 and 7954?
82
Calculate the highest common factor of 112 and 31248.
112
What is the highest common factor of 11 and 275?
11
What is the highest common factor of 90 and 54?
18
Calculate the highest common divisor of 28 and 266.
14
What is the greatest common divisor of 200 and 250?
50
Calculate the greatest common divisor of 30 and 258.
6
What is the greatest common factor of 1363 and 235?
47
What is the highest common divisor of 153 and 731?
17
What is the highest common divisor of 21279 and 123?
123
What is the greatest common factor of 27 and 9?
9
Calculate the highest common factor of 86 and 688.
86
Calculate the greatest common divisor of 71 and 3479.
71
Calculate the greatest common factor of 4833 and 216.
27
Calculate the highest common divisor of 104 and 39.
13
Calculate the greatest common divisor of 175 and 7385.
35
What is the greatest common factor of 13 and 1443?
13
What is the highest common divisor of 42 and 48?
6
What is the highest common divisor of 46 and 782?
46
What is the greatest common factor of 27 and 6?
3
What is the highest common divisor of 636 and 12?
12
What is the highest common divisor of 60 and 870?
30
Calculate the greatest common divisor of 7663 and 97.
97
What is the highest common factor of 18501 and 21?
21
What is the highest common factor of 6 and 438?
6
What is the greatest common divisor of 558 and 465?
93
Calculate the gr